{"id":23,"date":"2015-10-11T15:53:24","date_gmt":"2015-10-11T15:53:24","guid":{"rendered":"http:\/\/tasktide.com\/fran\/?page_id=23"},"modified":"2026-01-13T11:30:39","modified_gmt":"2026-01-13T11:30:39","slug":"departamentos","status":"publish","type":"page","link":"https:\/\/iesjoaquintorres.catedu.es\/?page_id=23","title":{"rendered":"DEPARTAMENTOS"},"content":{"rendered":"\n<p>Relaci\u00f3n de departamentos con sus respectivos Jefes de departamentos<\/p>\n\n\n\n<figure class=\"wp-block-table\"><table><tbody><tr><td>Elisabet Torrent<\/td><td> LLENGUA CATALANA<\/td><\/tr><tr><td>&nbsp;Irene Fern\u00e1ndez&nbsp;&nbsp;<\/td><td>   INGL\u00c9S<\/td><\/tr><tr><td>Alberto Valtue\u00f1a&nbsp;&nbsp;&nbsp;&nbsp;&nbsp;&nbsp;&nbsp;&nbsp;&nbsp;<\/td><td> MATEM\u00c1TICAS<\/td><\/tr><tr><td>Mariana Rodr\u00edguez&nbsp;&nbsp;&nbsp;&nbsp;&nbsp;&nbsp;&nbsp;&nbsp;&nbsp;&nbsp;&nbsp;&nbsp;&nbsp;&nbsp;&nbsp;&nbsp;&nbsp;&nbsp;&nbsp;&nbsp;&nbsp;&nbsp;&nbsp;&nbsp;&nbsp;&nbsp;&nbsp;&nbsp;&nbsp;&nbsp;&nbsp;&nbsp;&nbsp;&nbsp;&nbsp;&nbsp;&nbsp;&nbsp;&nbsp;&nbsp;<\/td><td>ORIENTACI\u00d3N<\/td><\/tr><tr><td>Germ\u00e1n Ferrer&nbsp;<\/td><td>GEOGRAF\u00cdA E HISTORIA<\/td><\/tr><tr><td>Mar\u00eda Isabel Jimena<\/td><td>BIOLOG\u00cdA Y GEOLOG\u00cdA<\/td><\/tr><tr><td>Ignacio Sim\u00f3n<\/td><td>EDUCACI\u00d3N PL\u00c1STICA Y VISUAL<\/td><\/tr><tr><td>H\u00e9ctor Ortiz<\/td><td>M\u00daSICA<\/td><\/tr><tr><td>Sara Doncel<\/td><td>TECNOLOG\u00cdA<\/td><\/tr><tr><td>Izarbe Fleta<\/td><td>EDUCACI\u00d3N F\u00cdSICA<\/td><\/tr><tr><td>Judith Moncl\u00fas&nbsp;&nbsp;&nbsp;&nbsp;&nbsp;&nbsp;&nbsp;&nbsp;&nbsp;&nbsp;&nbsp;&nbsp;&nbsp;&nbsp;&nbsp;&nbsp;&nbsp;&nbsp;&nbsp;&nbsp;&nbsp;&nbsp;&nbsp;&nbsp;&nbsp;&nbsp;&nbsp;&nbsp;&nbsp;&nbsp;&nbsp;&nbsp;&nbsp;&nbsp;<\/td><td> F\u00cdSICA Y QU\u00cdMICA<\/td><\/tr><tr><td>Alba Jurado<\/td><td> FRANC\u00c9S<\/td><\/tr><tr><td>Carmen Hern\u00e1ndez<\/td><td>LENGUA CASTELLANA<\/td><\/tr><\/tbody><\/table><\/figure>\n\n\n\n<p>En el desplegable tendr\u00e9is acceso a cada uno de los departamentos y sus correspondientes asignaturas con la informaci\u00f3n relevante para este curso 2025-2026: Criterios de calificaci\u00f3n, instrumentos de evaluaci\u00f3n, libros de lectura, etc.<\/p>\n\n\n\n<p><\/p>\n","protected":false},"excerpt":{"rendered":"<p>Relaci\u00f3n de departamentos con sus respectivos Jefes de departamentos Elisabet Torrent LLENGUA CATALANA &nbsp;Irene Fern\u00e1ndez&nbsp;&nbsp; INGL\u00c9S Alberto Valtue\u00f1a&nbsp;&nbsp;&nbsp;&nbsp;&nbsp;&nbsp;&nbsp;&nbsp;&nbsp; MATEM\u00c1TICAS Mariana Rodr\u00edguez&nbsp;&nbsp;&nbsp;&nbsp;&nbsp;&nbsp;&nbsp;&nbsp;&nbsp;&nbsp;&nbsp;&nbsp;&nbsp;&nbsp;&nbsp;&nbsp;&nbsp;&nbsp;&nbsp;&nbsp;&nbsp;&nbsp;&nbsp;&nbsp;&nbsp;&nbsp;&nbsp;&nbsp;&nbsp;&nbsp;&nbsp;&nbsp;&nbsp;&nbsp;&nbsp;&nbsp;&nbsp;&nbsp;&nbsp;&nbsp; ORIENTACI\u00d3N Germ\u00e1n Ferrer&nbsp; GEOGRAF\u00cdA E HISTORIA Mar\u00eda Isabel Jimena BIOLOG\u00cdA Y GEOLOG\u00cdA Ignacio Sim\u00f3n EDUCACI\u00d3N PL\u00c1STICA Y VISUAL H\u00e9ctor Ortiz M\u00daSICA Sara Doncel TECNOLOG\u00cdA Izarbe Fleta EDUCACI\u00d3N F\u00cdSICA Judith Moncl\u00fas&nbsp;&nbsp;&nbsp;&nbsp;&nbsp;&nbsp;&nbsp;&nbsp;&nbsp;&nbsp;&nbsp;&nbsp;&nbsp;&nbsp;&nbsp;&nbsp;&nbsp;&nbsp;&nbsp;&nbsp;&nbsp;&nbsp;&nbsp;&nbsp;&nbsp;&nbsp;&nbsp;&nbsp;&nbsp;&nbsp;&nbsp;&nbsp;&nbsp;&nbsp; F\u00cdSICA Y QU\u00cdMICA Alba [&hellip;]<\/p>\n","protected":false},"author":1144,"featured_media":0,"parent":0,"menu_order":0,"comment_status":"closed","ping_status":"closed","template":"","meta":{"_monsterinsights_skip_tracking":false,"_monsterinsights_sitenote_active":false,"_monsterinsights_sitenote_note":"","_monsterinsights_sitenote_category":0,"footnotes":""},"class_list":["post-23","page","type-page","status-publish","hentry"],"_links":{"self":[{"href":"https:\/\/iesjoaquintorres.catedu.es\/index.php?rest_route=\/wp\/v2\/pages\/23","targetHints":{"allow":["GET"]}}],"collection":[{"href":"https:\/\/iesjoaquintorres.catedu.es\/index.php?rest_route=\/wp\/v2\/pages"}],"about":[{"href":"https:\/\/iesjoaquintorres.catedu.es\/index.php?rest_route=\/wp\/v2\/types\/page"}],"author":[{"embeddable":true,"href":"https:\/\/iesjoaquintorres.catedu.es\/index.php?rest_route=\/wp\/v2\/users\/1144"}],"replies":[{"embeddable":true,"href":"https:\/\/iesjoaquintorres.catedu.es\/index.php?rest_route=%2Fwp%2Fv2%2Fcomments&post=23"}],"version-history":[{"count":13,"href":"https:\/\/iesjoaquintorres.catedu.es\/index.php?rest_route=\/wp\/v2\/pages\/23\/revisions"}],"predecessor-version":[{"id":4213,"href":"https:\/\/iesjoaquintorres.catedu.es\/index.php?rest_route=\/wp\/v2\/pages\/23\/revisions\/4213"}],"wp:attachment":[{"href":"https:\/\/iesjoaquintorres.catedu.es\/index.php?rest_route=%2Fwp%2Fv2%2Fmedia&parent=23"}],"curies":[{"name":"wp","href":"https:\/\/api.w.org\/{rel}","templated":true}]}}