{"id":4,"date":"2015-10-03T10:48:54","date_gmt":"2015-10-03T10:48:54","guid":{"rendered":"http:\/\/tasktide.com\/fran\/?page_id=4"},"modified":"2016-02-24T17:19:45","modified_gmt":"2016-02-24T17:19:45","slug":"sobre-el-centro-de-estudios","status":"publish","type":"page","link":"https:\/\/iesjoaquintorres.catedu.es\/?page_id=4","title":{"rendered":"Sobre el centro de estudios"},"content":{"rendered":"<p style=\"text-align: justify;\">Este instituto es una secci\u00f3n del IES BAJO CINCA, situado en Fraga.<br \/>\nEn este centro se imparte s\u00f3lo la Educaci\u00f3n Secundaria Obligatoria (ESO). Para continuar con otros estudios tales como FP o Bachillerato, los alumnos deben acudir a la sede del centro en Fraga.<\/p>\n<p style=\"text-align: justify;\">Se trata de un centro biling\u00fce en catal\u00e1n. Al finalizar la ESO y superar la asignatura con dicho nombre, los alumnos obtienen el T\u00edtulo de nivel intermedio en Catal\u00e1n.<\/p>\n<p style=\"text-align: justify;\">A continuaci\u00f3n, mostramos algunas de las instalaciones de las que dispone el instituto\u00a0y que se utilizan como apoyo en varias asignaturas:<\/p>\n<p style=\"text-align: justify;\">&#8211; Sala de tecnolog\u00eda<\/p>\n<p style=\"text-align: justify;\"><a href=\"https:\/\/iesjoaquintorres.catedu.es\/wp-content\/uploads\/sites\/266\/2015\/10\/IMG_0431.jpg\"><img loading=\"lazy\" decoding=\"async\" class=\"alignnone size-medium wp-image-84 aligncenter\" src=\"https:\/\/iesjoaquintorres.catedu.es\/wp-content\/uploads\/sites\/266\/2015\/10\/IMG_0431-300x225.jpg\" alt=\"IMG_0431\" width=\"300\" height=\"225\" \/><\/a><a href=\"https:\/\/iesjoaquintorres.catedu.es\/wp-content\/uploads\/sites\/266\/2015\/10\/IMG_0432.jpg\"><img loading=\"lazy\" decoding=\"async\" class=\"alignnone size-medium wp-image-85\" src=\"https:\/\/iesjoaquintorres.catedu.es\/wp-content\/uploads\/sites\/266\/2015\/10\/IMG_0432-225x300.jpg\" alt=\"IMG_0432\" width=\"225\" height=\"300\" \/><\/a><a href=\"https:\/\/iesjoaquintorres.catedu.es\/wp-content\/uploads\/sites\/266\/2015\/10\/IMG_0433.jpg\"><img loading=\"lazy\" decoding=\"async\" class=\"alignnone size-medium wp-image-86\" src=\"https:\/\/iesjoaquintorres.catedu.es\/wp-content\/uploads\/sites\/266\/2015\/10\/IMG_0433-225x300.jpg\" alt=\"IMG_0433\" width=\"225\" height=\"300\" \/><\/a><\/p>\n<p style=\"text-align: justify;\">&#8211; Aula de inform\u00e1tica<\/p>\n<p style=\"text-align: justify;\"><a href=\"https:\/\/iesjoaquintorres.catedu.es\/wp-content\/uploads\/sites\/266\/2015\/10\/IMG_0425.jpg\"><img loading=\"lazy\" decoding=\"async\" class=\"size-medium wp-image-96 aligncenter\" src=\"https:\/\/iesjoaquintorres.catedu.es\/wp-content\/uploads\/sites\/266\/2015\/10\/IMG_0425-300x225.jpg\" alt=\"IMG_0425\" width=\"300\" height=\"225\" srcset=\"https:\/\/iesjoaquintorres.catedu.es\/wp-content\/uploads\/sites\/266\/2015\/10\/IMG_0425-300x225.jpg 300w, https:\/\/iesjoaquintorres.catedu.es\/wp-content\/uploads\/sites\/266\/2015\/10\/IMG_0425-1024x768.jpg 1024w\" sizes=\"auto, (max-width: 300px) 100vw, 300px\" \/><\/a><\/p>\n<p style=\"text-align: justify;\">&#8211; Laboratorio<\/p>\n<p style=\"text-align: justify;\"><a href=\"https:\/\/iesjoaquintorres.catedu.es\/wp-content\/uploads\/sites\/266\/2015\/10\/IMG_0427.jpg\"><img loading=\"lazy\" decoding=\"async\" class=\"size-medium wp-image-98 aligncenter\" src=\"https:\/\/iesjoaquintorres.catedu.es\/wp-content\/uploads\/sites\/266\/2015\/10\/IMG_0427-225x300.jpg\" alt=\"IMG_0427\" width=\"225\" height=\"300\" srcset=\"https:\/\/iesjoaquintorres.catedu.es\/wp-content\/uploads\/sites\/266\/2015\/10\/IMG_0427-225x300.jpg 225w, https:\/\/iesjoaquintorres.catedu.es\/wp-content\/uploads\/sites\/266\/2015\/10\/IMG_0427-768x1024.jpg 768w\" sizes=\"auto, (max-width: 225px) 100vw, 225px\" \/><\/a><a href=\"https:\/\/iesjoaquintorres.catedu.es\/wp-content\/uploads\/sites\/266\/2015\/10\/IMG_0426.jpg\"><img loading=\"lazy\" decoding=\"async\" class=\"size-medium wp-image-97 aligncenter\" src=\"https:\/\/iesjoaquintorres.catedu.es\/wp-content\/uploads\/sites\/266\/2015\/10\/IMG_0426-300x225.jpg\" alt=\"IMG_0426\" width=\"300\" height=\"225\" srcset=\"https:\/\/iesjoaquintorres.catedu.es\/wp-content\/uploads\/sites\/266\/2015\/10\/IMG_0426-300x225.jpg 300w, https:\/\/iesjoaquintorres.catedu.es\/wp-content\/uploads\/sites\/266\/2015\/10\/IMG_0426-1024x768.jpg 1024w\" sizes=\"auto, (max-width: 300px) 100vw, 300px\" \/><\/a><a href=\"https:\/\/iesjoaquintorres.catedu.es\/wp-content\/uploads\/sites\/266\/2015\/10\/IMG_0429.jpg\"><img loading=\"lazy\" decoding=\"async\" class=\"alignnone size-medium wp-image-88\" src=\"https:\/\/iesjoaquintorres.catedu.es\/wp-content\/uploads\/sites\/266\/2015\/10\/IMG_0429-225x300.jpg\" alt=\"IMG_0429\" width=\"225\" height=\"300\" \/><\/a><a href=\"https:\/\/iesjoaquintorres.catedu.es\/wp-content\/uploads\/sites\/266\/2015\/10\/IMG_0430.jpg\"><img loading=\"lazy\" decoding=\"async\" class=\"alignnone size-medium wp-image-89\" src=\"https:\/\/iesjoaquintorres.catedu.es\/wp-content\/uploads\/sites\/266\/2015\/10\/IMG_0430-225x300.jpg\" alt=\"IMG_0430\" width=\"225\" height=\"300\" srcset=\"https:\/\/iesjoaquintorres.catedu.es\/wp-content\/uploads\/sites\/266\/2015\/10\/IMG_0430-225x300.jpg 225w, https:\/\/iesjoaquintorres.catedu.es\/wp-content\/uploads\/sites\/266\/2015\/10\/IMG_0430-768x1024.jpg 768w\" sizes=\"auto, (max-width: 225px) 100vw, 225px\" \/><\/a><\/p>\n<p style=\"text-align: justify;\">&#8211; Polideportivo<\/p>\n<p style=\"text-align: justify;\"><a href=\"https:\/\/iesjoaquintorres.catedu.es\/wp-content\/uploads\/sites\/266\/2015\/10\/1389718017.jpg\"><img loading=\"lazy\" decoding=\"async\" class=\"alignnone wp-image-190\" src=\"https:\/\/iesjoaquintorres.catedu.es\/wp-content\/uploads\/sites\/266\/2015\/10\/1389718017-300x174.jpg\" alt=\"1389718017\" width=\"248\" height=\"144\" \/><\/a><a href=\"https:\/\/iesjoaquintorres.catedu.es\/wp-content\/uploads\/sites\/266\/2015\/10\/poli.jpg\"><img loading=\"lazy\" decoding=\"async\" class=\"alignnone wp-image-191\" src=\"https:\/\/iesjoaquintorres.catedu.es\/wp-content\/uploads\/sites\/266\/2015\/10\/poli-300x199.jpg\" alt=\"poli\" width=\"220\" height=\"146\" \/><\/a><\/p>\n<p style=\"text-align: justify;\"><a href=\"https:\/\/iesjoaquintorres.catedu.es\/wp-content\/uploads\/sites\/266\/2015\/10\/tenis.jpg\"><img loading=\"lazy\" decoding=\"async\" class=\"wp-image-192 aligncenter\" src=\"https:\/\/iesjoaquintorres.catedu.es\/wp-content\/uploads\/sites\/266\/2015\/10\/tenis-300x179.jpg\" alt=\"tenis\" width=\"298\" height=\"178\" \/><\/a><\/p>\n<p style=\"text-align: justify;\">&#8211; Recreo (compartido con el Colegio P\u00fablico Mar\u00eda Quintana)<\/p>\n<p style=\"text-align: justify;\"><a href=\"https:\/\/iesjoaquintorres.catedu.es\/wp-content\/uploads\/sites\/266\/2015\/10\/DD.jpg\"><img loading=\"lazy\" decoding=\"async\" class=\"size-medium wp-image-167 aligncenter\" src=\"https:\/\/iesjoaquintorres.catedu.es\/wp-content\/uploads\/sites\/266\/2015\/10\/DD-300x90.jpg\" alt=\"DD\" width=\"300\" height=\"90\" srcset=\"https:\/\/iesjoaquintorres.catedu.es\/wp-content\/uploads\/sites\/266\/2015\/10\/DD-300x90.jpg 300w, https:\/\/iesjoaquintorres.catedu.es\/wp-content\/uploads\/sites\/266\/2015\/10\/DD-1024x309.jpg 1024w, https:\/\/iesjoaquintorres.catedu.es\/wp-content\/uploads\/sites\/266\/2015\/10\/DD.jpg 1568w\" sizes=\"auto, (max-width: 300px) 100vw, 300px\" \/><\/a><\/p>\n<p style=\"text-align: justify;\">&#8211; Biblioteca<\/p>\n<p style=\"text-align: justify;\"><a href=\"https:\/\/iesjoaquintorres.catedu.es\/wp-content\/uploads\/sites\/266\/2015\/10\/IMG_0423.jpg\"><img loading=\"lazy\" decoding=\"async\" class=\"size-medium wp-image-94 aligncenter\" src=\"https:\/\/iesjoaquintorres.catedu.es\/wp-content\/uploads\/sites\/266\/2015\/10\/IMG_0423-300x225.jpg\" alt=\"IMG_0423\" width=\"300\" height=\"225\" srcset=\"https:\/\/iesjoaquintorres.catedu.es\/wp-content\/uploads\/sites\/266\/2015\/10\/IMG_0423-300x225.jpg 300w, https:\/\/iesjoaquintorres.catedu.es\/wp-content\/uploads\/sites\/266\/2015\/10\/IMG_0423-1024x768.jpg 1024w\" sizes=\"auto, (max-width: 300px) 100vw, 300px\" \/><\/a><\/p>\n","protected":false},"excerpt":{"rendered":"<p>Este instituto es una secci\u00f3n del IES BAJO CINCA, situado en Fraga. En este centro se imparte s\u00f3lo la Educaci\u00f3n Secundaria Obligatoria (ESO). Para continuar con otros estudios tales como FP o Bachillerato, los alumnos deben acudir a la sede del centro en Fraga. Se trata de un centro biling\u00fce en catal\u00e1n. Al finalizar la [&hellip;]<\/p>\n","protected":false},"author":1144,"featured_media":0,"parent":0,"menu_order":0,"comment_status":"closed","ping_status":"closed","template":"","meta":{"_monsterinsights_skip_tracking":false,"_monsterinsights_sitenote_active":false,"_monsterinsights_sitenote_note":"","_monsterinsights_sitenote_category":0,"footnotes":""},"class_list":["post-4","page","type-page","status-publish","hentry"],"_links":{"self":[{"href":"https:\/\/iesjoaquintorres.catedu.es\/index.php?rest_route=\/wp\/v2\/pages\/4","targetHints":{"allow":["GET"]}}],"collection":[{"href":"https:\/\/iesjoaquintorres.catedu.es\/index.php?rest_route=\/wp\/v2\/pages"}],"about":[{"href":"https:\/\/iesjoaquintorres.catedu.es\/index.php?rest_route=\/wp\/v2\/types\/page"}],"author":[{"embeddable":true,"href":"https:\/\/iesjoaquintorres.catedu.es\/index.php?rest_route=\/wp\/v2\/users\/1144"}],"replies":[{"embeddable":true,"href":"https:\/\/iesjoaquintorres.catedu.es\/index.php?rest_route=%2Fwp%2Fv2%2Fcomments&post=4"}],"version-history":[{"count":17,"href":"https:\/\/iesjoaquintorres.catedu.es\/index.php?rest_route=\/wp\/v2\/pages\/4\/revisions"}],"predecessor-version":[{"id":811,"href":"https:\/\/iesjoaquintorres.catedu.es\/index.php?rest_route=\/wp\/v2\/pages\/4\/revisions\/811"}],"wp:attachment":[{"href":"https:\/\/iesjoaquintorres.catedu.es\/index.php?rest_route=%2Fwp%2Fv2%2Fmedia&parent=4"}],"curies":[{"name":"wp","href":"https:\/\/api.w.org\/{rel}","templated":true}]}}